te?
True
Is 5804561671 prime?
False
Is 3979698323 prime?
True
Is 6895890641 a composite number?
False
Is 199279513 composite?
True
Is 5812645079 composite?
True
Is 9837451777 a composite number?
False
Is 68312209279 a prime number?
False
Is 1110549773 prime?
False
Is 2667370637 prime?
False
Is 8471347627 composite?
True
Is 215584979 prime?
True
Is 4020868157 a composite number?
False
Is 6677183119 a composite number?
True
Is 13980943789 a prime number?
False
Is 126196837843 composite?
False
Is 81140317343 a composite number?
False
Is 41244994031 a prime number?
True
Is 558054419665 composite?
True
Is 52218024191 composite?
False
Is 122176577 composite?
True
Is 96376861167 composite?
True
Is 41219697983 a composite number?
False
Is 10524947227 prime?
True
Is 566495551 a composite number?
False
Is 161024333 a prime number?
False
Is 1784718563 prime?
True
Is 2282336347 prime?
True
Is 6023093567 a prime number?
True
Is 69927509 a composite number?
True
Is 2879538031 a prime number?
True
Is 27271862017 a prime number?
False
Is 369120959 composite?
False
Is 15013743881 composite?
False
Is 51050927219 a composite number?
False
Is 11889566719 prime?
True
Is 4571894729 a prime number?
True
Is 27788287 prime?
False
Is 16103278822 composite?
True
Is 4768307981 prime?
False
Is 521616427 a prime number?
True
Is 125343587 prime?
True
Is 14178051473 prime?
True
Is 649375819 composite?
False
Is 296600215 a prime number?
False
Is 1817152149 composite?
True
Is 116501134 composite?
True
Is 40231517185 prime?
False
Is 94536494309 a prime number?
True
Is 59119429079 prime?
True
Is 10815036689 prime?
False
Is 23389851179 a prime number?
True
Is 4009579337 prime?
True
Is 22258445981 a prime number?
True
Is 2144196347 a prime number?
False
Is 42310507709 prime?
True
Is 112514813 a prime number?
False
Is 27457911361 a prime number?
True
Is 2088717341 composite?
True
Is 51734953177 a composite number?
False
Is 5052166981 prime?
False
Is 303986579 a prime number?
False
Is 870655865 composite?
True
Is 2056877209 a prime number?
False
Is 110884130803 composite?
False
Is 380675041 a prime number?
True
Is 8152431913 composite?
False
Is 22217699839 prime?
True
Is 21415660807 composite?
True
Is 10562718223 a prime number?
False
Is 7311684137 a prime number?
True
Is 23886191471 a composite number?
False
Is 362864729 a composite number?
False
Is 6459040501 a composite number?
False
Is 350376271 prime?
False
Is 7889750177 prime?
True
Is 6031671083 a prime number?
True
Is 10264520471 a prime number?
True
Is 2489510909 a prime number?
True
Is 232478566863 composite?
True
Is 9331841987 composite?
True
Is 94680108493 prime?
True
Is 2436599699 a composite number?
True
Is 3575407733 prime?
True
Is 3202630993 prime?
False
Is 834337498 prime?
False
Is 284713795 composite?
True
Is 2894350591 a composite number?
True
Is 20309809561 prime?
True
Is 12203600686 a composite number?
True
Is 315634159 a composite number?
False
Is 75372868861 a prime number?
False
Is 21303751441 composite?
True
Is 2333528603 composite?
True
Is 17757855553 a prime number?
True
Is 155657833 prime?
True
Is 4353715207 a prime number?
True
Is 287273039 a prime number?
True
Is 101276563 composite?
False
Is 61701267153 prime?
False
Is 21279335009 a composite number?
True
Is 93830999 prime?
True
Is 2308848781 a prime number?
True
Is 21422851381 a prime number?
False
Is 123473722217 prime?
True
Is 92687771329 composite?
False
Is 639843521 a composite number?
False
Is 3987092446 a composite number?
True
Is 475785719 prime?
True
Is 4265931031 composite?
True
Is 1034811179 prime?
True
Is 1692653422 composite?
True
Is 12105106109 a prime number?
False
Is 31773218707 a prime number?
False
Is 2226475673 a prime number?
True
Is 23294004691 a prime number?
True
Is 44464272427 a prime number?
True
Is 1042912543 composite?
True
Is 184359481 prime?
True
Is 568876769 composite?
True
Is 72217084571 a prime number?
True
Is 675671417 prime?
True
Is 645729527 a composite number?
True
Is 109975715 a composite number?
True
Is 3256171637 a prime number?
False
Is 77634174361 composite?
True
Is 50628756437 a prime number?
False
Is 3605320055 composite?
True
Is 8066206403 a composite number?
True
Is 941587651 composite?
False
Is 2501032687 a composite number?
True
Is 516965681 prime?
True
Is 4677693511 prime?
True
Is 1374271733 a composite number?
True
Is 39407420939 prime?
False
Is 1547445203 composite?
False
Is 39249807539 a composite number?
True
Is 851101271 a prime number?
True
Is 48278000165 a prime number?
False
Is 63816557131 a composite number?
False
Is 58160723 prime?
False
Is 12331038449 a prime number?
False
Is 1593143207 prime?
False
Is 2640187651 a prime number?
False
Is 69629440427 composite?
True
Is 183629489 prime?
True
Is 886087567 a composite number?
False
Is 2729950033 a composite number?
False
Is 699070601 a prime number?
False
Is 173473583 prime?
False
Is 333906704363 prime?
False
Is 1472788157 prime?
True
Is 3812368402 a composite number?
True
Is 9829771037 a prime number?
True
Is 444233599 prime?
True
Is 508558289 a prime number?
True
Is 159523159 composite?
False
Is 986098627 a prime number?
False
Is 10929276071 prime?
False
Is 12927330727 a composite number?
True
Is 2483203627 a composite number?
False
Is 6115225741 a composite number?
False
Is 384269004865 a composite number?
True
Is 390310465 composite?
True
Is 93660039091 composite?
False
Is 409607039 a prime number?
True
Is 54773728303 composite?
True
Is 141113909 a composite number?
False
Is 7700962561 prime?
False
Is 7223731217 composite?
False
Is 36186490127 a prime number?
True
Is 572816563 prime?
False
Is 2468506789 a composite number?
True
Is 247516219 a prime number?
False
Is 1473658733 a prime number?
True
Is 2354895107 prime?
True
Is 21668715257 a prime number?
False
Is 17861341 composite?
False
Is 15762283877 a composite number?
True
Is 5501676293 prime?
True
Is 2882844463 a composite number?
True
Is 2528534237 a prime number?
True
Is 34409839207 a composite number?
True
Is 1557618889 prime?
True
Is 8949264211 prime?
True
Is 5079632099 a composite number?
False
Is 5559974107 a prime number?
False
Is 751653017 a composite number?
False
Is 6881714657 a composite number?
False
Is 105217807 prime?
True
Is 17809674889 prime?
True
Is 20888750749 prime?
False
Is 341702537 a prime number?
False
Is 152451253 prime?
True
Is 804975617 composite?
False
Is 5929340189 a composite number?
True
Is 50630382997 composite?
False
Is 2567492471 composite?
False
Is 1320082997 a composite number?
True
Is 2669837 prime?
True
Is 2634638113 a composite number?
False
Is 53394818713 a composite number?
True
Is 672372507 composite?
True
Is 14647955683 composite?
False
Is 91116592445 prime?
False
Is 496186079 a composite number?
True
Is 96843277801 a prime number?
True
Is 204621584129 a composite number?
False
Is 295873537 composite?
False
Is 117108269 prime?
False
Is 1896065671 a prime number?
False
Is 493562947 composite?
True
Is 241482793 prime?
False
Is 77471800231 a composite number?
True
Is 2172617831 composite?
True
Is 12346011469 a prime number?
False
Is 69605606337 a prime number?
False
Is 3206479559 a prime number?
True
Is 225513061 composite?
False
Is 279333223 composite?
True
Is 2937283331 composite?
False
Is 18546353851 prime?
False
Is 631330967 a prime number?
True
Is 3076864737 prime?
False
Is 164008363 prime?
False
Is 3136797923 prime?
False
Is 40241711659 a composite number?
False
Is 1196035021 a composite number?
True
Is 4991643791 prime?
False
Is 863007571 a prime number?
False
Is 802218617 a composite number?
False
Is 424215761 a composite number?
True
Is 15377028739 a composite number?
False
Is 2886307 a composite number?
True
Is 14685693551 prime?
False
Is 16567809143 a prime number?
False
Is 29007854087 a prime number?
True
Is 33592322249 a prime number?
False
Is 174663089 composite?
False
Is 112465097 composite?
True
Is 7241030417 a composite number?
True
Is 3098496431 prime?
True
Is 121232280703 a composite number?
False
Is 1980978711 a composite number?
True
Is 16412420263 composite?
True
Is 385678023059 composite?
True
Is 698780717 prime?
False
Is 20145975583 a composite number?
True
Is 5326790669 a prime number?
True
Is 146984179 prime?
False
Is 1609